{"id":148901,"date":"2026-08-31T16:39:52","date_gmt":"2026-08-31T14:39:52","guid":{"rendered":"https:\/\/aiguasol.coop\/?post_type=portfolio&#038;p=148901"},"modified":"2026-08-31T16:39:52","modified_gmt":"2026-08-31T14:39:52","slug":"aiguasol-en-el-proyecto-biocafa-impulsando-un-modelo-de-bioeconomia-circular-en-la-terra-alta","status":"publish","type":"portfolio","link":"https:\/\/aiguasol.coop\/es\/project\/aiguasol-en-el-proyecto-biocafa-impulsando-un-modelo-de-bioeconomia-circular-en-la-terra-alta\/","title":{"rendered":"Aiguasol en el proyecto BIOCAFA: impulsando un modelo de bioeconom\u00eda circular en la Terra Alta"},"content":{"rendered":"<div class=\"wpb-content-wrapper\"><p>[vc_row][vc_column width=\u00bb1\/1&#8243;][vc_column_text uncode_shortcode_id=\u00bb811988&#8243;]<span style=\"font-weight: 400;\">La comarca de la Terra Alta se enfrenta a diversos desaf\u00edos estructurales relevantes, como la disminuci\u00f3n de la poblaci\u00f3n, el progresivo envejecimiento de sus habitantes y una base industrial limitada que dificulta la generaci\u00f3n de nuevas oportunidades econ\u00f3micas. Al mismo tiempo, la acumulaci\u00f3n de residuos agr\u00edcolas y forestales, a menudo sin una gesti\u00f3n \u00f3ptima, comporta riesgos ambientales y costes adicionales para los productores locales.<\/span><\/p>\n<p><span style=\"font-weight: 400;\">En este escenario surge <\/span><b>BIOCAFA \u2013 Biopol\u00edgono Les Camposines<\/b><span style=\"font-weight: 400;\">, una iniciativa orientada a convertir estos retos en palancas de desarrollo mediante un modelo de bioeconom\u00eda circular. El proyecto tiene como finalidad crear un ecosistema productivo de proximidad capaz de transformar recursos agroforestales infrautilizados en energ\u00eda renovable, bioproductos y fertilizantes org\u00e1nicos.<\/span><\/p>\n<p><span style=\"font-weight: 400;\">La iniciativa se desarrolla en La Fatarella y su \u00e1rea de influencia, dentro de las Zonas de Transici\u00f3n Nuclear (ZTN) de Catalu\u00f1a, especialmente afectadas por el previsto cierre de las centrales nucleares de Asc\u00f3 y Vandell\u00f2s.<\/span><\/p>\n<p><span style=\"font-weight: 400;\">Con el apoyo de<\/span><a href=\"https:\/\/www.accio.gencat.cat\/ca\/inici\/index.html\"> <span style=\"font-weight: 400;\">ACCI\u00d3<\/span><\/a><span style=\"font-weight: 400;\">, el proyecto est\u00e1 liderado por el<\/span><a href=\"https:\/\/www.clusterbioenergia.cat\/\"> <span style=\"font-weight: 400;\">Cl\u00faster de la Bioenerg\u00eda de Catalu\u00f1a (CBC)<\/span><\/a><span style=\"font-weight: 400;\">, con el apoyo t\u00e9cnico de<\/span><a href=\"https:\/\/www.reset2050.com\/\"> <span style=\"font-weight: 400;\">Reset 2050<\/span><\/a><span style=\"font-weight: 400;\">, Uscala Blue, SD Verdia y<\/span><a href=\"https:\/\/simbiosy.com\/\"> <span style=\"font-weight: 400;\">Simbiosy<\/span><\/a><span style=\"font-weight: 400;\">, y la participaci\u00f3n de cooperativas locales con una s\u00f3lida implantaci\u00f3n en el territorio, como Agr\u00edcola Sant Isidre de la Fatarella y Energ\u00eda del Bien Com\u00fan (EnBeCo). Esta alianza combina experiencia t\u00e9cnica, capacidad industrial y conocimiento del territorio para impulsar una iniciativa con una clara vocaci\u00f3n transformadora.<\/span><\/p>\n<h2><b>Un modelo colaborativo con arraigo territorial<\/b><\/h2>\n<p><span style=\"font-weight: 400;\">BIOCAFA se articula a trav\u00e9s de diversas acciones estrat\u00e9gicas que configuran un modelo productivo y energ\u00e9tico integrado:<\/span><\/p>\n<ul>\n<li style=\"font-weight: 400;\" aria-level=\"1\"><b>Comunidad energ\u00e9tica local<\/b><b><br \/>\n<\/b><span style=\"font-weight: 400;\">Desarrollo de servicios energ\u00e9ticos h\u00edbridos a trav\u00e9s de la cooperativa, tanto el\u00e9ctricos como t\u00e9rmicos, con el objetivo de alcanzar una cobertura de hasta el 70 % de la demanda energ\u00e9tica local mediante fuentes renovables.<\/span><\/li>\n<li style=\"font-weight: 400;\" aria-level=\"1\"><b>Gesti\u00f3n sostenible de la biomasa agroforestal<\/b><b><br \/>\n<\/b><span style=\"font-weight: 400;\">Recogida, tratamiento y valorizaci\u00f3n de hasta 30.000 toneladas anuales de biomasa, aplicando criterios de proximidad, sostenibilidad y eficiencia en la gesti\u00f3n del territorio.<\/span><\/li>\n<li style=\"font-weight: 400;\" aria-level=\"1\"><b>Biopol\u00edgono industrial autosuficiente<\/b><b><br \/>\n<\/b><span style=\"font-weight: 400;\">Creaci\u00f3n de un centro productivo capaz de generar energ\u00eda renovable, bioproductos y fertilizantes naturales, con modelos de negocio replicables en otros territorios.<\/span><\/li>\n<\/ul>\n<h2><b>La contribuci\u00f3n de Aiguasol<\/b><\/h2>\n<p><span style=\"font-weight: 400;\">En el marco de BIOCAFA, desde Aiguasol aportamos nuestra experiencia en sistemas energ\u00e9ticos locales, como las redes de calor, y en el desarrollo de modelos de negocio vinculados a infraestructuras sostenibles.<\/span><\/p>\n<p><b>Nuestro trabajo se centra en el an\u00e1lisis de la viabilidad t\u00e9cnica y econ\u00f3mica de la actual red de calor y su futura ampliaci\u00f3n a escala municipal, una pieza clave para conectar la producci\u00f3n energ\u00e9tica del biopol\u00edgono con la demanda local.<\/b><span style=\"font-weight: 400;\"> En concreto, desde Aiguasol:<\/span><\/p>\n<ul>\n<li style=\"font-weight: 400;\" aria-level=\"1\"><span style=\"font-weight: 400;\">Analizamos la viabilidad econ\u00f3mica y el dimensionamiento de la red de calor para plantear un modelo municipal de servicio energ\u00e9tico.<\/span><\/li>\n<li style=\"font-weight: 400;\" aria-level=\"1\"><span style=\"font-weight: 400;\">Estudiamos los costes de acceso y uso para los diferentes perfiles de usuarios, y los comparamos con otras alternativas para cubrir las demandas de calor, como la instalaci\u00f3n de calderas de biomasa individuales o bombas de calor con aerotermia.<\/span><\/li>\n<li style=\"font-weight: 400;\" aria-level=\"1\"><span style=\"font-weight: 400;\">Sentamos las bases para dise\u00f1ar un modelo sostenible y escalable, con capacidad de replicaci\u00f3n en otros territorios.<\/span><\/li>\n<\/ul>\n<p><span style=\"font-weight: 400;\">Este enfoque nos permite garantizar que la infraestructura energ\u00e9tica sea no solo viable desde el punto de vista t\u00e9cnico, sino tambi\u00e9n econ\u00f3micamente sostenible y accesible para la comunidad local. A escala municipal, las dos alternativas m\u00e1s favorables, con resultados similares, son:<\/span><\/p>\n<ul>\n<li style=\"font-weight: 400;\" aria-level=\"1\"><span style=\"font-weight: 400;\">La aerotermia combinada con autoconsumo colectivo a trav\u00e9s de una Comunidad Energ\u00e9tica.<\/span><\/li>\n<li style=\"font-weight: 400;\" aria-level=\"1\"><span style=\"font-weight: 400;\">Una red de calor a gran escala, de acuerdo con el Plan Director, financiada y gestionada por el Ayuntamiento.<\/span><\/li>\n<\/ul>\n<h2><b>Una estrategia de desarrollo rural<\/b><\/h2>\n<p><span style=\"font-weight: 400;\">El proyecto plantea alcanzar impactos concretos en el territorio, entre los que destacan:<\/span><\/p>\n<ul>\n<li style=\"font-weight: 400;\" aria-level=\"1\"><span style=\"font-weight: 400;\">Una cobertura de hasta el 70 % de la demanda energ\u00e9tica local con fuentes renovables.<\/span><\/li>\n<li style=\"font-weight: 400;\" aria-level=\"1\"><span style=\"font-weight: 400;\">La valorizaci\u00f3n de hasta 30.000 toneladas anuales de biomasa agroforestal.<\/span><\/li>\n<li style=\"font-weight: 400;\" aria-level=\"1\"><span style=\"font-weight: 400;\">El desarrollo de modelos replicables para otras Zonas de Transici\u00f3n Nuclear.<\/span><\/li>\n<li style=\"font-weight: 400;\" aria-level=\"1\"><span style=\"font-weight: 400;\">La transferencia de conocimiento y buenas pr\u00e1cticas a territorios en proceso de transici\u00f3n energ\u00e9tica.<\/span><\/li>\n<\/ul>\n<p><span style=\"font-weight: 400;\">M\u00e1s all\u00e1 de los resultados inmediatos, el proyecto representa una nueva aproximaci\u00f3n al desarrollo territorial, basada en la valorizaci\u00f3n de los recursos locales, la producci\u00f3n de energ\u00eda limpia y la cooperaci\u00f3n entre agentes p\u00fablicos y privados. Con iniciativas como BIOCAFA, la Terra Alta avanza hacia un modelo energ\u00e9tico m\u00e1s resiliente, sostenible y arraigado al territorio, generando nuevas oportunidades econ\u00f3micas y reforzando la cohesi\u00f3n social.<\/span><\/p>\n<p><span style=\"font-weight: 400;\">\ud83d\udc49 Descubre m\u00e1s proyectos estrat\u00e9gicos en la Zona de Transici\u00f3n Nuclear aqu\u00ed:<\/span><a href=\"https:\/\/www.youtube.com\/watch?v=_QCTHmF6LbY\"> <span style=\"font-weight: 400;\">https:\/\/www.youtube.com\/watch?v=_QCTHmF6LbY<\/span><\/a>[\/vc_column_text][\/vc_column][\/vc_row][vc_row][vc_column width=\u00bb1\/1&#8243;][vc_single_image media=\u00bb148897&#8243; media_width_percent=\u00bb100&#8243; uncode_shortcode_id=\u00bb193380&#8243;][\/vc_column][\/vc_row]<\/p>\n<\/div>","protected":false},"excerpt":{"rendered":"<p>En el marco de BIOCAFA, desde Aiguasol aportamos nuestra experiencia en sistemas energ\u00e9ticos locales, como las redes de calor, y en el desarrollo de modelos de negocio vinculados a infraestructuras sostenibles.<\/p>\n","protected":false},"author":579,"featured_media":148897,"parent":0,"menu_order":0,"comment_status":"closed","ping_status":"closed","template":"","meta":{"slim_seo":{"title":"Aiguasol en el proyecto BIOCAFA: impulsando un modelo de bioeconom\u00eda circular en la Terra Alta - Aiguasol","description":"En el marco de BIOCAFA, desde Aiguasol aportamos nuestra experiencia en sistemas energ\u00e9ticos locales, como las redes de calor, y en el desarrollo de modelos de"},"_slim_seo_primary_term_portfolio_category":0,"footnotes":""},"portfolio_category":[81,205,185],"class_list":["post-148901","portfolio","type-portfolio","status-publish","has-post-thumbnail","hentry","portfolio_category-redes-de-distrito-y-generacion-a-escala","portfolio_category-comunidades-energeticas","portfolio_category-bioenergia-es"],"_links":{"self":[{"href":"https:\/\/aiguasol.coop\/es\/wp-json\/wp\/v2\/portfolio\/148901","targetHints":{"allow":["GET"]}}],"collection":[{"href":"https:\/\/aiguasol.coop\/es\/wp-json\/wp\/v2\/portfolio"}],"about":[{"href":"https:\/\/aiguasol.coop\/es\/wp-json\/wp\/v2\/types\/portfolio"}],"author":[{"embeddable":true,"href":"https:\/\/aiguasol.coop\/es\/wp-json\/wp\/v2\/users\/579"}],"replies":[{"embeddable":true,"href":"https:\/\/aiguasol.coop\/es\/wp-json\/wp\/v2\/comments?post=148901"}],"version-history":[{"count":1,"href":"https:\/\/aiguasol.coop\/es\/wp-json\/wp\/v2\/portfolio\/148901\/revisions"}],"predecessor-version":[{"id":148902,"href":"https:\/\/aiguasol.coop\/es\/wp-json\/wp\/v2\/portfolio\/148901\/revisions\/148902"}],"wp:featuredmedia":[{"embeddable":true,"href":"https:\/\/aiguasol.coop\/es\/wp-json\/wp\/v2\/media\/148897"}],"wp:attachment":[{"href":"https:\/\/aiguasol.coop\/es\/wp-json\/wp\/v2\/media?parent=148901"}],"wp:term":[{"taxonomy":"portfolio_category","embeddable":true,"href":"https:\/\/aiguasol.coop\/es\/wp-json\/wp\/v2\/portfolio_category?post=148901"}],"curies":[{"name":"wp","href":"https:\/\/api.w.org\/{rel}","templated":true}]}}

Aiguasol en el proyecto BIOCAFA: impulsando un modelo de bioeconomía circular en la Terra Alta

<div class="wpb-content-wrapper"><p>[vc_row][vc_column width=»1/1&#8243;][vc_column_text uncode_shortcode_id=»811988&#8243;]<span style="font-weight: 400;">La comarca de la Terra Alta se enfrenta a diversos desafíos estructurales relevantes, como la disminución de la población, el progresivo envejecimiento de sus habitantes y una base industrial limitada que dificulta la generación de nuevas oportunidades económicas. Al mismo tiempo, la acumulación de residuos agrícolas y forestales, a menudo sin una gestión óptima, comporta riesgos ambientales y costes adicionales para los productores locales.</span></p>
<p><span style="font-weight: 400;">En este escenario surge </span><b>BIOCAFA – Biopolígono Les Camposines</b><span style="font-weight: 400;">, una iniciativa orientada a convertir estos retos en palancas de desarrollo mediante un modelo de bioeconomía circular. El proyecto tiene como finalidad crear un ecosistema productivo de proximidad capaz de transformar recursos agroforestales infrautilizados en energía renovable, bioproductos y fertilizantes orgánicos.</span></p>
<p><span style="font-weight: 400;">La iniciativa se desarrolla en La Fatarella y su área de influencia, dentro de las Zonas de Transición Nuclear (ZTN) de Cataluña, especialmente afectadas por el previsto cierre de las centrales nucleares de Ascó y Vandellòs.</span></p>
<p><span style="font-weight: 400;">Con el apoyo de</span><a href="https://www.accio.gencat.cat/ca/inici/index.html"> <span style="font-weight: 400;">ACCIÓ</span></a><span style="font-weight: 400;">, el proyecto está liderado por el</span><a href="https://www.clusterbioenergia.cat/"> <span style="font-weight: 400;">Clúster de la Bioenergía de Cataluña (CBC)</span></a><span style="font-weight: 400;">, con el apoyo técnico de</span><a href="https://www.reset2050.com/"> <span style="font-weight: 400;">Reset 2050</span></a><span style="font-weight: 400;">, Uscala Blue, SD Verdia y</span><a href="https://simbiosy.com/"> <span style="font-weight: 400;">Simbiosy</span></a><span style="font-weight: 400;">, y la participación de cooperativas locales con una sólida implantación en el territorio, como Agrícola Sant Isidre de la Fatarella y Energía del Bien Común (EnBeCo). Esta alianza combina experiencia técnica, capacidad industrial y conocimiento del territorio para impulsar una iniciativa con una clara vocación transformadora.</span></p>
<h2><b>Un modelo colaborativo con arraigo territorial</b></h2>
<p><span style="font-weight: 400;">BIOCAFA se articula a través de diversas acciones estratégicas que configuran un modelo productivo y energético integrado:</span></p>
<ul>
<li style="font-weight: 400;" aria-level="1"><b>Comunidad energética local</b><b><br />
</b><span style="font-weight: 400;">Desarrollo de servicios energéticos híbridos a través de la cooperativa, tanto eléctricos como térmicos, con el objetivo de alcanzar una cobertura de hasta el 70 % de la demanda energética local mediante fuentes renovables.</span></li>
<li style="font-weight: 400;" aria-level="1"><b>Gestión sostenible de la biomasa agroforestal</b><b><br />
</b><span style="font-weight: 400;">Recogida, tratamiento y valorización de hasta 30.000 toneladas anuales de biomasa, aplicando criterios de proximidad, sostenibilidad y eficiencia en la gestión del territorio.</span></li>
<li style="font-weight: 400;" aria-level="1"><b>Biopolígono industrial autosuficiente</b><b><br />
</b><span style="font-weight: 400;">Creación de un centro productivo capaz de generar energía renovable, bioproductos y fertilizantes naturales, con modelos de negocio replicables en otros territorios.</span></li>
</ul>
<h2><b>La contribución de Aiguasol</b></h2>
<p><span style="font-weight: 400;">En el marco de BIOCAFA, desde Aiguasol aportamos nuestra experiencia en sistemas energéticos locales, como las redes de calor, y en el desarrollo de modelos de negocio vinculados a infraestructuras sostenibles.</span></p>
<p><b>Nuestro trabajo se centra en el análisis de la viabilidad técnica y económica de la actual red de calor y su futura ampliación a escala municipal, una pieza clave para conectar la producción energética del biopolígono con la demanda local.</b><span style="font-weight: 400;"> En concreto, desde Aiguasol:</span></p>
<ul>
<li style="font-weight: 400;" aria-level="1"><span style="font-weight: 400;">Analizamos la viabilidad económica y el dimensionamiento de la red de calor para plantear un modelo municipal de servicio energético.</span></li>
<li style="font-weight: 400;" aria-level="1"><span style="font-weight: 400;">Estudiamos los costes de acceso y uso para los diferentes perfiles de usuarios, y los comparamos con otras alternativas para cubrir las demandas de calor, como la instalación de calderas de biomasa individuales o bombas de calor con aerotermia.</span></li>
<li style="font-weight: 400;" aria-level="1"><span style="font-weight: 400;">Sentamos las bases para diseñar un modelo sostenible y escalable, con capacidad de replicación en otros territorios.</span></li>
</ul>
<p><span style="font-weight: 400;">Este enfoque nos permite garantizar que la infraestructura energética sea no solo viable desde el punto de vista técnico, sino también económicamente sostenible y accesible para la comunidad local. A escala municipal, las dos alternativas más favorables, con resultados similares, son:</span></p>
<ul>
<li style="font-weight: 400;" aria-level="1"><span style="font-weight: 400;">La aerotermia combinada con autoconsumo colectivo a través de una Comunidad Energética.</span></li>
<li style="font-weight: 400;" aria-level="1"><span style="font-weight: 400;">Una red de calor a gran escala, de acuerdo con el Plan Director, financiada y gestionada por el Ayuntamiento.</span></li>
</ul>
<h2><b>Una estrategia de desarrollo rural</b></h2>
<p><span style="font-weight: 400;">El proyecto plantea alcanzar impactos concretos en el territorio, entre los que destacan:</span></p>
<ul>
<li style="font-weight: 400;" aria-level="1"><span style="font-weight: 400;">Una cobertura de hasta el 70 % de la demanda energética local con fuentes renovables.</span></li>
<li style="font-weight: 400;" aria-level="1"><span style="font-weight: 400;">La valorización de hasta 30.000 toneladas anuales de biomasa agroforestal.</span></li>
<li style="font-weight: 400;" aria-level="1"><span style="font-weight: 400;">El desarrollo de modelos replicables para otras Zonas de Transición Nuclear.</span></li>
<li style="font-weight: 400;" aria-level="1"><span style="font-weight: 400;">La transferencia de conocimiento y buenas prácticas a territorios en proceso de transición energética.</span></li>
</ul>
<p><span style="font-weight: 400;">Más allá de los resultados inmediatos, el proyecto representa una nueva aproximación al desarrollo territorial, basada en la valorización de los recursos locales, la producción de energía limpia y la cooperación entre agentes públicos y privados. Con iniciativas como BIOCAFA, la Terra Alta avanza hacia un modelo energético más resiliente, sostenible y arraigado al territorio, generando nuevas oportunidades económicas y reforzando la cohesión social.</span></p>
<p><span style="font-weight: 400;">👉 Descubre más proyectos estratégicos en la Zona de Transición Nuclear aquí:</span><a href="https://www.youtube.com/watch?v=_QCTHmF6LbY"> <span style="font-weight: 400;">https://www.youtube.com/watch?v=_QCTHmF6LbY</span></a>[/vc_column_text][/vc_column][/vc_row][vc_row][vc_column width=»1/1&#8243;][vc_single_image media=»148897&#8243; media_width_percent=»100&#8243; uncode_shortcode_id=»193380&#8243;][/vc_column][/vc_row]</p>
</div>

<p>En el marco de BIOCAFA, desde Aiguasol aportamos nuestra experiencia en sistemas energéticos locales, como las redes de calor, y en el desarrollo de modelos de negocio vinculados a infraestructuras sostenibles.</p>

Aiguasol en el proyecto BIOCAFA: impulsando un modelo de bioeconomía circular en la Terra Alta - Aiguasol

En el marco de BIOCAFA, desde Aiguasol aportamos nuestra experiencia en sistemas energéticos locales, como las redes de calor, y en el desarrollo de modelos de
